2?
-6
12 + -9 - -4 - 7 - (-3 - 0)
3
Calculate -3 + -2 - (-25 + 23).
-3
Calculate -8 - (-4 + (-10 - -20) + (-15 - -9)).
-8
What is -3 + -7 + (-4 + (6 - -1) - -3)?
-4
Evaluate 0 - (-1 + 0) - (60 - 86 - -7).
20
Evaluate 7 - 5 - (9 - 0) - 0.
-7
What is the value of (13 - 1) + (-19 - -12) - (-5 - -28)?
-18
What is the value of 1 - -8 - (-13 - (-40 - -4))?
-14
What is -11 + 6 - -24 - 48?
-29
What is 0 - (14 + 0 + -3)?
-11
24 - (17 - (25 - 29))
3
-3 - 10 - (-4 - (-3 - (5 + -10)))
-7
(-21 - -8) + 13 - -13
13
What is 7 + (48 - 38) - (-16 + 0)?
33
Calculate 48 - 42 - (0 - 0 - (3 + -3)).
6
-8 - 6 - (-5 + (-4 - -3))
-8
What is 2 + (18 - 18) + -19?
-17
What is 1 - (1 + -1 + 10)?
-9
Evaluate ((18 - 14) + -13 - -6) + 6.
3
Calculate -3 - (-19 + (19 - 19)).
16
Calculate 0 + 3 + -23 + 6.
-14
What is the value of -2 + 25 - (352 - 317)?
-12
2 - (5 - 0 - (-7 - 1))
-11
Evaluate (-2 - (1 + 9 + (4 - 22))) + 19.
25
What is 97 + -87 + (3 - 10)?
3
Calculate (21 - 32 - 5) + 4.
-12
What is the value of 0 + -10 - (6 + (21 - 15))?
-22
What is 14 + (-11 - (-4 + 10)) + 0 + 16?
13
Evaluate 14 + 14 + -18 + 6 + 4.
20
What is -8 - (-18 + (8 - -20))?
-18
Calculate 8 + -9 + -7 + -13 - 2.
-23
What is the value of -1 - (-11 + 25 - (4 - (-1 - -2)))?
-12
Evaluate -9 + 11 + 9 + -3.
8
Calculate -1 + 0 - (17 - -6 - 14).
-10
Calculate -11 + (-9 - -12) - -15.
7
What is -2 + (-21 + 23 - (11 - 1))?
-10
What is the value of (18 - 19) + -19 + 16 + -3?
-7
What is the value of 1 + 1 + 1 + -11 + 12 + 4?
8
Evaluate 36 + -3 - (0 + (7 - 3) - -3).
26
Calculate 12 + (-14 + 7 - -2 - -2).
9
What is -9 + (3 - 4) - -4?
-6
(0 - 8) + 1 - (-1574 + 1565)
2
Calculate -28 + -12 + 37 - (-2 - 15).
14
Calculate (-2 - 39) + 45 + (5 - 0).
9
Evaluate -1 + -5 + 3 + (-2 - -2 - -2).
-1
Calculate 15 - 30 - -5 - (-1 - 3).
-6
Evaluate -9 + (-9 - -35) + -26.
-9
Calculate 1 - (-36 + 86 + -22).
-27
Calculate 1 + (9 - 18) + -1.
-9
Evaluate -18 + (6 - -11) - (0 + -1 + 9).
-9
What is 4 + (-12 + (5 - -1) - -2) + -5?
-5
What is the value of 8 + -26 + 5 + 18?
5
Evaluate (3 + 9 - 27) + 22 + (0 - 9).
-2
Evaluate -11 + 20 + -5 - (3 - 1).
2
What is -5 + 1 - (-17 - (-6 - 2))?
5
-10 + (-19 - (-52 + 14 + 15))
-6
Calculate 14 - (-32 + 17 - -36).
-7
13 + -6 - -5 - (3 - 2)
11
What is 7 - (-1 - (-3 - (4 + 1)))?
0
2 + -1 + -1 + 3 + 1 + 3
7
What is -3 + (-5 - -11) - (-3 + -3)?
9
-196 + 146 - (-23 + -1)
-26
Evaluate (18 - 28) + 23 - (23 - -3).
-13
-3 + 10 + -1 + -6 + -1 + -1
-2
-4 + (-16 + 18 - 11 - -11)
-2
What is -4 - -1 - (43 - 57)?
11
What is the value of (-1 - (6 + -37)) + -49?
-19
Evaluate 3 + 6 + 27 + -26 + 2 + -6.
6
What is the value of -2 + -1 - (-12 + 6 + (-3 - -1))?
5
Calculate -4 - -13 - (129 - 102).
-18
What is the value of (-14 - (-1 + 3) - (-30 - -28)) + 0?
-14
Evaluate (5 - 2 - (-31 - -41)) + 14 - 7.
0
Calculate (-22 - (-5 - 2)) + (-3 - -6 - -1).
-11
What is (2 - (-3 - (2 + -14 - -1))) + 1?
-5
Evaluate -3 + 35 + -8 + (-2 - 1 - 6).
15
What is 3 + (-27 + -2 - (-13 + (-10 - -22)))?
-25
What is the value of (-2 - -14) + (-1 - 1) + (1424 - 1444)?
-10
-20 - ((-10 + 6 - (-2 - -5)) + 5)
-18
What is the value of 31 - 3 - (-4 + -9 - -14 - -11)?
16
What is the value of (-9 - 13) + (3 - 0) + 1 + 4?
-14
-9 + (7 + -10 - 4) + 1 + 4
-11
(-6 - -16) + -3 + (2 + 1 - 37)
-27
-14 - (-5 + 3) - (18 + -4 + 4)
-30
What is 6 - (25 + -14 + 7 + -3)?
-9
Calculate 23 + -28 + 29 - (0 + 5).
19
What is (-2 - -19) + -14 + -7 + (-2 - -3)?
-3
What is the value of 0 - (-3 + -6 - -3)?
6
What is 44 - 43 - (3 + 1 - (1 + 25))?
23
8 + (37 - 66) + 13
-8
2 + -2 - 6 - (42 + -57)
9
What is 17 - 7 - (-10 + 6)?
14
Evaluate 4 + -9 + (22 - 45).
-28
-7 - (-1 + 1 - (-24 + 13))
-18
Calculate -78 + 75 - (-13 - -2) - (2 - 5).
11
Calculate 31 - 26 - (8 + 15).
-18
Calculate 8 + 5 - (1 + 0 + 0 + -5).
17
-4 + (16 + -25 - 2) + 1
-14
Calculate (1 - -1) + 22 + (6 - 15).
15
What is the value of (-5 - 3) + 8 - (1 + -4)?
3
-207 + 200 - (-1 - -15)
-21
Evaluate 31 - (4 + -12) - 57.
-18
What is the value of 29 - (11 - -12) - 9?
-3
What is the value of (-17 + 46 - 32) + 16?
13
Evaluate 0 + (-2 - -2) + (109 - 105) + 12.
16
Calculate (-10 - -16) + -19 - -9.
-4
What is (8 - 0) + (-2 - -12) + -17?
1
What is (4 - 20) + 0 + (-3 - -8)?
-11
What is the value of -13 + (63 - 64) - (-1 - 14)?
1
(10 - 2) + -4 - (-12 + 4)
12
Evaluate -8 + -12 + (42 - 35).
-13
What is (6 - -21) + -25 - (2 + 20)?
-20
Calculate (-8 - 0) + (-70 + 96 - (-2 + -1)).
21
Evaluate 7 + 5 + -19 - (2 - -2).
-11
What is the value of (0 - -8) + -8 + 21 + -7 + 9?
23
What is the value of -6 + 7 - (34 - 36)?
3
What is the value of (-8 - -4 - -11) + (-28 - -20)?
-1
What is 9 + 23 + -10 - 22?
0
What is the value of -27 + 17 + 0 + 12?
2
Evaluate 3 + -11 + -20 + 26 + 0.
-2
What is the value of (7 - (-2 - -9)) + 1 + 5 - -2?
8
Calculate -16 - -4 - 10 - -18.
-4
Calculate 12 + (-6 - (-4 + -12 + 9 - -4)).
9
Calculate (-23 - -36) + -5 + 16 + 1.
25
-4 + 30 - 5 - -1 - (19 + -12)
15
Calculate -8 + (4 + -3 - (-34 - -48)).
-21
What is -11 + -21 + 25 + 0?
-7
What is (2 - 1 - -7) + -13 + 11 - -10?
16
(-1 - 8) + 45 + -47 - -6
-5
What is (-7 - -20) + -3 + -10 + 0?
0
Evaluate (-16 - -31) + -13 - -5.
7
What is the value of 1 - (-2 + -5 + -2) - (14 - -26)?
-30
What is the value of (-25 - -17) + 10 + 2 + -14 + -3?
-13
Evaluate -11 + 4 - -11 - (-4 - -8).
0
What is the value of 0 - 6 - (-3 + 17 + 135 + -150)?
-5
Calculate (-1 - -10) + (5 - (0 + 3)) + 0.
11
Calculate 205 + -218 - (2 - -7 - (3 + 1)).
-18
Evaluate (-110 - -119) + (-2 - -2) + -7 - -5.
7
What is 944 - 918 - (41 + 1)?
-16
What is -1945 + 1980 - (25 - 0)?
10
(36 - -18) + -21 + -4
29
(22 - (-21 + 42)) + -19
-18
Calculate (-1 - (-4 - -1)) + 5 + -4.
3
Evaluate 1 + -3 - (201 + -149 - (22 + 4)).
-28
(-41 - -32) + (2 - -16)
9
19 + -35 - ((-2 - -3) + -1 + -2)
-14
What is the value of 5 + (-36 - -17) - -4 - -23?
13
Evaluate -11 - ((20 - 2) + -12 + -9).
-8
Calculate (5 - (-6 - 0 - -14)) + 0.
-3
Calculate -11 + (-1 - 3) - -3.
-12
What is -2 + -6 + 11 + -25?
-22
(0 - 3) + 8 - (2 + 7) - -5
1
Evaluate (650 - 646 - (0 - -6)) + (24 - -1).
23
9 + -4 - (2 + -13 + 18)
-2
Evaluate 63 + -66 - (-12 + 6).
3
Calculate -9 - (-11 - -9 - -6).
-13
39 - (13 - (9 - 16))
19
What is (-2 - 15) + 21 + 4 + -7?
1
Calculate 11 - -3 - (82 - 70).
2
Evaluate (-34 - -33) + (1 - 2) - (1 + -7).
4
Evaluate -25 + 15 + -14 + -4 + -2 + 10.
-20
What is the value of (3 - (0 - 7)) + -17?
-7
What is -10 + -2 - (-80 + 79)?
-11
Evaluate -95 + 84 - (1 + 0 + -5).
-7
Calculate -6 + 2 + (10 - 3 - (1 + -1)).
3
-10 - -4 - (-6 + (-12 - -9))
3
3 + (2 - 4) - (20 + 20)
-39
What is the value of 4 + -1 - (1 - -1 - 4)?
5
Calculate (2 + -1 - 1) + -29 + 48 + -30.
-11
Calculate 1 - (-1 + (4 - 7) + 16).
-11
2 - 1 - (12 + 3 + -3)
-11
Calculate -10 + (6 + 2 - 16) - 5.
-23
Evaluate -1 + -5 + 5 + 5.
4
Evaluate -3 + (-2 + (-9 - -7) - -19).
12
What is -11 - (-14 + 13 + 9)?
-19
Evaluate -21 + 15 - (1 + 1) - (4 - 1).
-11
What is the value of 1 + (2 - 16) + (-11 - -4) + 13?
-7
Evaluate 48 - 26 - 33 - -15.
4
What is the value of -7 + -8 + 3 - (-31 + -1)?
20
Calculate (-273 - -275) + -1 + (0 - 8).
-7
What is 0 + -9 + -9 + 11 + 2?
-5
Calculate 4 - (7 + 11 + -22 + 6).
2
Evaluate -28 - (3 - 21 - (-5 - 1)).
-16
What is the value of -5 - (-4 - (-2 - 8 - -12)) - -25?
26
Evaluate -3 + (-2 - (-6 + -2 + 7)) + 9.
5
Calculate 287 + -281 + 1 + 3.
10
Evaluate 30 + -17 + (-16 - 3) - (0 - -9).
-15
144 + -146 - ((3 - 1 - 2) + 14)
-16
(10 - 8) + -9 + -5 + -1
-13
Calculate -27 + -2 + 16 + 1.
-12
Calculate (-24 - (-15 + 8)) + 13.
-4
What is (14 + -14 - -17) + -2?
15
-23 - ((-26 - 7 - (1 - 13)) + 11)
-13
Evaluate 3 + 8 - 10 - -9 - 7.
3
Calculate 6 + (-1 + 4 + -30 - (55 + -59)).
-17
What is -1 + -2 - (-87 + 97)?
-13
Calculate 4 + 23 - 49 - -51.
29
Evaluate -12 + -9 + (-14 - -28 - 11).
-18
Calculate 8 - (1 - -14 - (11 + -9)).
-5
15 + 6 - (-3 + (-8 - -17))
15
-15 - 3 - (-133 - -124)
-9
Calculate 9 + 19 + (-10 - -8).
26
What is 7 - (-4 - -4 - 4 - -7)?
4
What is the value of (285 - 260 - (-1 + 0)) + -10?
16
Calculate -20 - (-20 + -14 + 16).
-2
Evaluate 40 - (66 - (-24 + 9)).
-41
What is the value of -25 - ((-18 - -17) + 0 + -3 + -1)?
-20
Calculate 6 - (-16 + (2 - 2) - -6) - 2.
14
What is 2 + -8 + 4 + (-3 - 10) + 9?
-6
What is -7 + (-14 + 9 - 1) + 11?
-2
What is (7 - 1) + -57 + -39 + 105?
15
49 + -57 - (1 - 4